Suppose 0 = 4*z - z + 12. Let i(s) = -5*s**2 - s + 4. Let p(y) = 9*y**2 + y - 7. Let g(c) = b*i(c) + z*p(c). Determine g(2).
2
Suppose 3*v = -6 + 3. Let k(t) = -4*t**2 + 0*t + t + 1 + 6*t**2. Determine k(v).
2
Let v(t) = -4*t**3 + t - 2*t + t**2 - t**3. Calculate v(1).
-5
Let l = 25 + -35. Let r = l - -5. Let b(g) = -g**2 - 7*g - 2. Calculate b(r).
8
Suppose -5 + 0 = -5*o. Let t(a) = 8*a + 1. Suppose 0 = -2*x - 3*x - 15. Let i(v) = 23*v + 3. Let b(j) = x*i(j) + 8*t(j). Determine b(o).
-6
Let b = -2 + 7. Let a(t) = -2*t + 0*t**2 + 2 + b*t**2 + t**3 - 3*t**2 - 1. What is a(1)?
2
Let q be 24/16 - 1/(-2). Let l(a) = -2*a**3 - a - 6*a**3 + 6*a**2 - 5*a**q - 1. What is l(-1)?
9
Let w(l) = 9*l**2 + 18*l + 23. Let t(g) = 5*g**2 + 9*g + 12. Let u(v) = 7*t(v) - 4*w(v). What is u(-9)?
-8
Let g(s) = -38 - s + 38. Determine g(3).
-3
Let f(z) = -87*z**2 - 5 + 1 + 0 + 9*z + 86*z**2. Determine f(9).
-4
Let h be (18/(-4))/((-9)/(-12)). Let n(c) = c**3 + 6*c**2 + 2*c + 3. Calculate n(h).
-9
Let i be (-1)/(-8)*4*6. Let c(w) = -5*w + 3. Determine c(i).
-12
Let y(m) = -4 + 4 + 1 + 2*m. What is y(-3)?
-5
Suppose 3*p = -0*t - 5*t - 16, t = -p - 2. Let v = 5 + p. Let h = v - 5. Let j(i) = -i**2 + 4*i - 4. Give j(h).
-1
Let j(y) = -16*y**2 - 11*y - 19. Let t(o) = 3*o**2 + 2*o + 4. Let a(v) = -2*j(v) - 11*t(v). Suppose 0 = l + 2*l. What is a(l)?
-6
Let q(d) = d - 5. Let c be (-1 - (-12)/(-4))/(-2). Let v be (-5)/(-10)*(c - -6). Calculate q(v).
-1
Let i(w) = -w**3 - 5*w**2 - 3*w - 5. Let t be i(-5). Let f be (-8)/(-5) + 4/t. Let y(j) = -j + 1. What is y(f)?
-1
Let l(f) be the third derivative of f**5/60 - 7*f**4/24 + 3*f**3/2 + 36*f**2. Calculate l(7).
9
Let f(a) = a**3 - 3*a**2. Let z be (-72)/81*18/(-4). Determine f(z).
16
Let f(k) = -k**3 - k**2 + k + 3. Let i = 21 - 21. Determine f(i).
3
Let h(r) = r**2 - 5*r - 6. Let x(n) = -4*n - 4. Let v be x(-4). Suppose d - 2*s = 14, 5*s = 3*d - v - 26. Give h(d).
0
Suppose 0 = -0*j - 5*j, -2*j = 2*h - 24. Suppose 4*k - k = -h. Let g(z) be the first derivative of 2*z**3/3 + 3*z**2 - 2. Determine g(k).
8
Let o(c) = -c**3 - 2*c**2 - 3*c - 3. Let k(m) = -7*m + 1. Let p be k(-2). Let d be 30/4*10/p. Let v = -7 + d. Give o(v).
3
Let l(q) = 2*q**3 + 14*q**2 + 5*q - 12. Let h(g) = -3*g**3 - 21*g**2 - 7*g + 18. Let d(n) = 5*h(n) + 8*l(n). Calculate d(-5).
19
Let h(l) = -l + 5. Let d(n) = -4*n + 14. Let w(k) = -5*d(k) + 16*h(k). Give w(-5).
-10
Let r(b) = 2*b**2 + 3*b - 3. Let q(m) = -4*m**2 - 5*m + 0*m**2 + 3*m**2 + 2. Let l be q(-5). Let k be (-3)/l*1*2. Determine r(k).
6
Suppose -144 = -b - 147. Let o(j) = j**2 - j - 4. Determine o(b).
8
Let w(q) = -11*q - q**2 + 11*q. What is w(-3)?
-9
Let g = -1 + 1. Let n(m) = 6*m + 3. Let d(k) = 5*k + 2. Let r be 17/3 - 4/6. Let a(u) = r*d(u) - 4*n(u). What is a(g)?
-2
Suppose 0*s = -5*s + 10. Let j(h) = h + 2 - 6 + s + 2*h**2. Give j(2).
8
Let d(m) be the second derivative of m**5/20 + m**4/4 - m**3/2 - m**2/2 + 3*m. Let g = 14 - 18. Determine d(g).
-5
Let b(y) = 4 + 3 - y - 1. Let d = -12 - -17. Suppose d*a = a. What is b(a)?
6
Let n(a) = -a**3 + 2*a**2 + 2. Let g be n(2). Let z(s) = 4 + 3 - 3*s**2 + 0*s**2 - 2*s + g*s**2. What is z(-5)?
-8
Let a(d) = 2*d**2 + 8*d - 10. Let j(s) = -s**2 - s + 1. Let g(z) = a(z) + 5*j(z). Let x(h) = 13*h**2 - 11*h + 19. Let o(m) = -9*g(m) - 2*x(m). What is o(5)?
7
Suppose -2*y + 1 = 5*k - 0, -1 = 5*k + 3*y. Let n(v) = -6*v**2 - 2*v + 1. What is n(k)?
-7
Let x(p) be the second derivative of -p**3/2 + p**2 + 34*p. Let a(g) = g**2 + 2*g - 5. Let o be a(-4). Determine x(o).
-7
Let p(d) = -d - 12. Let y be p(-16). Let j(l) = 5*l - 5. Determine j(y).
15
Let j = -5 - -6. Let i(r) = -2*r + 1. Calculate i(j).
-1
Let l(f) = -f + 14. Let j(x) = x**3 + 24*x**2 - 2*x - 42. Let z be j(-24). Calculate l(z).
8
Let r be 9 - (3 + -2 + 2). Let d(u) be the second derivative of -u**4/12 + 5*u**3/6 - 3*u**2/2 + u. Give d(r).
-9
Let q(i) = 9*i**2 + 3*i + 6. Let n(z) = -5*z**2 - 2*z - 4. Let o(l) = 7*n(l) + 4*q(l). What is o(3)?
-1
Let n(q) = q**2 - 5*q. Let k(m) = 3*m**2 - 2*m - 3. Let y be k(-3). Suppose 0 = 17*v - 12*v - y. Determine n(v).
6
Suppose -3*d = -6*d + 21. Suppose -4*j + 9 + d = 0. Let p(m) = -1 + 3 + 5*m - m + m**2 - 2*m**2. Give p(j).
2
Let y(q) = q**2 - 2*q + 2*q. Suppose 0 = 3*t - 0*t + 3. What is y(t)?
1
Let a(o) be the first derivative of -o**3/3 + 3*o**2/2 + 2*o + 1. Determine a(3).
2
Let p(k) = k**3 + 5*k**2 - 3*k - 3. Let g(y) = y**3 - 6*y**2 + 6*y - 10. Let w be g(5). Give p(w).
12
Let c(p) = p**2 + p + 1. Let a(u) = 2*u**2 - 3*u - 6. Let b(h) = a(h) - 3*c(h). Determine b(-6).
-9
Let z(q) = -q**3 - 6*q**2 + q + 7. Let n be z(-6). Let u be -5 - -10 - (0 - n). Let b(t) = t**2 + 0*t**2 + 2 + 3 + u*t - 3*t. What is b(-4)?
9
Let j = -20 + 20. Let k(i) = -i**2 - i + 2. Calculate k(j).
2
Let f = -44 - -33. Suppose 5*y = -0*y - 30. Let j(g) = 3*g - 13. Let p(a) = -2*a + 7. Let u(z) = f*p(z) + y*j(z). Give u(-1).
-3
Suppose a - 3*a + 15 = -5*v, 5*a - 3 = v. Let g = -16 + 23. Let c(o) = -o - g + a*o - 2*o. What is c(-5)?
8
Let v be (0 + (-1 - -1)/1)/2. Let n(s) = s**3 + s + 17. Give n(v).
17
Let t(h) = h**3 - h**2 - 4*h + 1. Let p be (9 + -13)*(-6)/8. Calculate t(p).
7
Let f be (-46)/6 + 1/(-3). Let v = -25 - -18. Let z = f - v. Let q(l) = -l + 1. What is q(z)?
2
Suppose 5*l + 2 = 2*t - 38, -t + 3*l = -20. Suppose 0 = 4*c + c + t. Let u(h) be the first derivative of h**3/3 + 5*h**2/2 - 2*h + 4. Determine u(c).
-6
Let n be 20/(-4) - (-10 - -1). Let v(h) = h**3 - 5*h**2 + 4*h - 5. Determine v(n).
-5
Let t(o) = -2*o**2 - 3*o - 2. Suppose -2*u - 20 = -4*g, -2*u + u = -g + 6. Give t(u).
-4
Let x(m) = 6*m**2 + 13*m + 5. Let u(c) = -c**2 - c - 1. Let g(s) = 5*u(s) + x(s). Let k be (-17)/3 - (-4)/6. Give g(k).
-15
Let g(a) = -a + 1. Let l be 2*5/1*-1. Let w = l + 12. Give g(w).
-1
Let r(i) = i + 1. Suppose 5*k - 2 = o + 2*o, 0 = 2*o - 2*k. Give r(o).
2
Let y(o) be the third derivative of -o**6/120 + o**5/15 - o**4/12 + o**3/3 + 3*o**2. Suppose 4*b - 3 = 13. Calculate y(b).
-6
Let d(g) be the first derivative of g**3/3 + 3*g**2/2 + g + 1. Let p(o) = o**2 - 11*o + 14. Let v be p(9). Calculate d(v).
5
Let q(l) = -4*l**2 - 4*l - 25. Let i(z) = -3*z**2 - 3*z - 17. Let k(u) = 7*i(u) - 5*q(u). Calculate k(0).
6
Let p(u) = -u**2 + 12*u - 20. Let o be p(9). Let q(d) = d - 7*d + o*d. Give q(0).
0
Let v(b) = -5*b + 1. Let y = -18 + 20. Determine v(y).
-9
Let j(m) = 13*m**3 - m**2 - m + 1. Let n be j(1). Let t(z) = 3*z**2 + n + 5*z + z**2 - 8 - 3*z**2. Give t(-4).
0
Let u(t) be the second derivative of -t**3/6 + 5*t**2/2 - 7*t. Determine u(6).
-1
Let s(a) be the third derivative of -a**4/12 + 39*a**2. Suppose 4*f = 3*p + 8, -3*f + p + 2 = -4. What is s(f)?
-4
Let c(w) = w**3 + w**2 + w. Let t(x) = 3*x**3 + 10*x**2 + 3*x - 5. Let i(o) = 4*c(o) - t(o). Determine i(5).
-15
Suppose -a - 2*a - 6 = -2*q, 4*a - 3 = -q. Let j(i) = 14*i - i - 3 - 10*i. Determine j(q).
6
Suppose -6 = -w - 2*b - 0, -4*w - 4 = b. Let i(m) = 2*m**2 + 4*m + 2. Give i(w).
2
Let o be (-9)/(6*3/(-24)). Suppose 6 = 3*w - 2*v - v, -3*v + o = 3*w. Let n(m) = m**3 - 3*m**2 + m - 4. Calculate n(w).
-1
Let u(w) be the second derivative of -w**3/6 - w**2 + 6*w. Determine u(-2).
0
Let v(o) be the first derivative of -o**3/3 - o**2 + 4*o - 47. Give v(3).
-11
Let a(l) = -l**3 + 5*l**2 + 3*l + 7. Suppose -o = 3*x - 6, 5*x - 8 - 10 = -3*o. Determine a(o).
-11
Let u(o) = -2*o**3 + o**2 - 2*o + 1. Let t = -3 + -4. Let v = t - -8. Give u(v).
-2
Let o(u) be the third derivative of 3*u**4/8 + 15*u**2. Let r(v) = 2*v**3 - 1. Let p be r(1). Let b = p + -2. Calculate o(b).
-9
Let r = 2 + 0. Let c(n) = -4 - n**3 + 1 + 3*n + 49*n**r - 50*n**2. Calculate c(2).
-9
Let r be -5 + (2 - (-2 - -2)). Let x(v) = 5*v**2 + 8*v + 1. Let g(j) = -3 - j**2 - 5*j + 2 - 2*j**2. Let i(t) = -8*g(t) - 5*x(t). What is i(r)?
-6
Let g = 2/911 + 871/18220. Let c(r) be the second derivative of 2*r + 0*r**3 + g*r**5 - 1/4*r**4 + 3/2*r**2 + 0. What is c(3)?
3
Let j(q) = -8*q**2 + 2 - 1 - q - q**3 + q**2. Let o(z) = 2*z - 1. Let u be o(-1). Let s(k) = k**3 + 6*k**2 + k - 1. Let x(t) = u*j(t) - 4*s(t). Calculate x(-3).
4
Let d(h) = -3*h - 3*h - 2*h**3 + 4*h**2 + 3*h**3. Determine d(-5).
5
Let l(y) = -y**3 - 12*y**2 - 10*y + 7. Let k = 163 + -174. What is l(k)?
-4
Suppos